{"id":2000,"date":"2018-08-29T22:53:10","date_gmt":"2018-08-29T20:53:10","guid":{"rendered":"http:\/\/www.kjellgunnaroveroye.no\/?page_id=2000"},"modified":"2024-08-24T13:27:53","modified_gmt":"2024-08-24T11:27:53","slug":"by-2","status":"publish","type":"page","link":"https:\/\/www.kjellgunnaroveroye.no\/?page_id=2000&lang=nn","title":{"rendered":"By 2"},"content":{"rendered":"<span class=\"image-fixer-wrapper\">\n<div style=\"height:40px\" aria-hidden=\"true\" class=\"wp-block-spacer\"><\/div>\n\n\n\n<div class=\"wp-block-columns is-layout-flex wp-container-core-columns-is-layout-9d6595d7 wp-block-columns-is-layout-flex\">\n<div class=\"wp-block-column is-layout-flow wp-block-column-is-layout-flow\" style=\"flex-basis:66.66%\">\n<figure class=\"wp-block-image size-full is-resized\"><img loading=\"lazy\" decoding=\"async\" width=\"740\" height=\"307\" src=\"http:\/\/www.kjellgunnaroveroye.no\/wp-content\/uploads\/2018\/08\/7.-By2c-20172c-26-x-64-x-12c4-cm2c-oljebrent2c-slipt-og-anl\u00f8pt-sta\u030al-med-innlagt-s\u00f8lvtra\u030ad.jpg\" alt=\"\" class=\"wp-image-1955\" style=\"aspect-ratio:2.411392405063291;object-fit:cover;width:818px\" srcset=\"https:\/\/www.kjellgunnaroveroye.no\/wp-content\/uploads\/2018\/08\/7.-By2c-20172c-26-x-64-x-12c4-cm2c-oljebrent2c-slipt-og-anl\u00f8pt-sta\u030al-med-innlagt-s\u00f8lvtra\u030ad.jpg 740w, https:\/\/www.kjellgunnaroveroye.no\/wp-content\/uploads\/2018\/08\/7.-By2c-20172c-26-x-64-x-12c4-cm2c-oljebrent2c-slipt-og-anl\u00f8pt-sta\u030al-med-innlagt-s\u00f8lvtra\u030ad-300x124.jpg 300w\" sizes=\"auto, (max-width: 740px) 100vw, 740px\" \/><\/figure>\n<\/div>\n\n\n\n<div class=\"wp-block-column is-layout-flow wp-block-column-is-layout-flow\" style=\"flex-basis:33.33%\">\n<p><strong>By<\/strong>&nbsp;\u2013&nbsp;2017<\/p>\n\n\n\n<p>26 x 64 x 1,4 cm<\/p>\n\n\n\n<p>Oljebrent, slipt og anl\u00f8pt st\u00e5l med innlagt s\u00f8lvtr\u00e5d<\/p>\n\n\n\n<p style=\"text-align:left;font-size:20px;\">\n<a href=\"?page_id=1994&amp;lang=nn\" class=\"next\"><span>\u2190<\/span><\/a>\n&nbsp;&nbsp;&nbsp;&nbsp;&nbsp;&nbsp;\n<a href=\"?page_id=2006&amp;lang=nn\" class=\"next\"><span>\u2192<\/span><\/a><\/p>\n<\/div>\n<\/div>\n\n\n\n<div style=\"height:40px\" aria-hidden=\"true\" class=\"wp-block-spacer\"><\/div>\n<\/span>","protected":false},"excerpt":{"rendered":"<p>By&nbsp;\u2013&nbsp;2017 26 x 64 x 1,4 cm Oljebrent, slipt og anl\u00f8pt st\u00e5l med innlagt s\u00f8lvtr\u00e5d \u2190 &nbsp;&nbsp;&nbsp;&nbsp;&nbsp;&nbsp; \u2192<\/p>\n","protected":false},"author":1,"featured_media":0,"parent":1908,"menu_order":0,"comment_status":"closed","ping_status":"closed","template":"","meta":{"neve_meta_sidebar":"","neve_meta_container":"","neve_meta_enable_content_width":"","neve_meta_content_width":0,"neve_meta_title_alignment":"","neve_meta_author_avatar":"","neve_post_elements_order":"","neve_meta_disable_header":"","neve_meta_disable_footer":"","neve_meta_disable_title":"","footnotes":""},"class_list":["post-2000","page","type-page","status-publish","hentry"],"_links":{"self":[{"href":"https:\/\/www.kjellgunnaroveroye.no\/index.php?rest_route=\/wp\/v2\/pages\/2000","targetHints":{"allow":["GET"]}}],"collection":[{"href":"https:\/\/www.kjellgunnaroveroye.no\/index.php?rest_route=\/wp\/v2\/pages"}],"about":[{"href":"https:\/\/www.kjellgunnaroveroye.no\/index.php?rest_route=\/wp\/v2\/types\/page"}],"author":[{"embeddable":true,"href":"https:\/\/www.kjellgunnaroveroye.no\/index.php?rest_route=\/wp\/v2\/users\/1"}],"replies":[{"embeddable":true,"href":"https:\/\/www.kjellgunnaroveroye.no\/index.php?rest_route=%2Fwp%2Fv2%2Fcomments&post=2000"}],"version-history":[{"count":72,"href":"https:\/\/www.kjellgunnaroveroye.no\/index.php?rest_route=\/wp\/v2\/pages\/2000\/revisions"}],"predecessor-version":[{"id":4136,"href":"https:\/\/www.kjellgunnaroveroye.no\/index.php?rest_route=\/wp\/v2\/pages\/2000\/revisions\/4136"}],"up":[{"embeddable":true,"href":"https:\/\/www.kjellgunnaroveroye.no\/index.php?rest_route=\/wp\/v2\/pages\/1908"}],"wp:attachment":[{"href":"https:\/\/www.kjellgunnaroveroye.no\/index.php?rest_route=%2Fwp%2Fv2%2Fmedia&parent=2000"}],"curies":[{"name":"wp","href":"https:\/\/api.w.org\/{rel}","templated":true}]}}