{"id":2713,"date":"2021-09-11T01:03:40","date_gmt":"2021-09-10T23:03:40","guid":{"rendered":"https:\/\/www.kjellgunnaroveroye.no\/?page_id=2713"},"modified":"2024-08-04T23:02:29","modified_gmt":"2024-08-04T21:02:29","slug":"dryss-2","status":"publish","type":"page","link":"https:\/\/www.kjellgunnaroveroye.no\/?page_id=2713&lang=nn","title":{"rendered":"Dryss 2"},"content":{"rendered":"<span class=\"image-fixer-wrapper\">\n<div style=\"height:40px\" aria-hidden=\"true\" class=\"wp-block-spacer\"><\/div>\n\n\n\n<div class=\"wp-block-columns is-layout-flex wp-container-core-columns-is-layout-9d6595d7 wp-block-columns-is-layout-flex\">\n<div class=\"wp-block-column is-layout-flow wp-block-column-is-layout-flow\" style=\"flex-basis:66.66%\">\n<figure class=\"wp-block-image\"><img loading=\"lazy\" decoding=\"async\" width=\"730\" height=\"788\" src=\"https:\/\/www.kjellgunnaroveroye.no\/wp-content\/uploads\/2021\/09\/Dryss-2-.jpg\" alt=\"\" class=\"wp-image-2714\" srcset=\"https:\/\/www.kjellgunnaroveroye.no\/wp-content\/uploads\/2021\/09\/Dryss-2-.jpg 730w, https:\/\/www.kjellgunnaroveroye.no\/wp-content\/uploads\/2021\/09\/Dryss-2--278x300.jpg 278w\" sizes=\"auto, (max-width: 730px) 100vw, 730px\" \/><\/figure>\n\n\n\n<div style=\"height:90px\" aria-hidden=\"true\" class=\"wp-block-spacer\"><\/div>\n\n\n\n<figure class=\"wp-block-image is-resized\"><img loading=\"lazy\" decoding=\"async\" width=\"642\" height=\"790\" src=\"https:\/\/www.kjellgunnaroveroye.no\/wp-content\/uploads\/2021\/09\/Dryss-2-side.jpeg\" alt=\"\" class=\"wp-image-2715\" style=\"width:731px;height:900px\" srcset=\"https:\/\/www.kjellgunnaroveroye.no\/wp-content\/uploads\/2021\/09\/Dryss-2-side.jpeg 642w, https:\/\/www.kjellgunnaroveroye.no\/wp-content\/uploads\/2021\/09\/Dryss-2-side-244x300.jpeg 244w\" sizes=\"auto, (max-width: 642px) 100vw, 642px\" \/><\/figure>\n\n\n\n<div style=\"height:90px\" aria-hidden=\"true\" class=\"wp-block-spacer\"><\/div>\n\n\n\n<figure class=\"wp-block-image is-resized\"><img loading=\"lazy\" decoding=\"async\" width=\"642\" height=\"482\" src=\"https:\/\/www.kjellgunnaroveroye.no\/wp-content\/uploads\/2021\/09\/Dryss-2-detalj.jpg\" alt=\"\" class=\"wp-image-2716\" style=\"width:731px;height:549px\" srcset=\"https:\/\/www.kjellgunnaroveroye.no\/wp-content\/uploads\/2021\/09\/Dryss-2-detalj.jpg 642w, https:\/\/www.kjellgunnaroveroye.no\/wp-content\/uploads\/2021\/09\/Dryss-2-detalj-300x225.jpg 300w\" sizes=\"auto, (max-width: 642px) 100vw, 642px\" \/><\/figure>\n\n\n\n<div style=\"height:90px\" aria-hidden=\"true\" class=\"wp-block-spacer\"><\/div>\n\n\n\n<figure class=\"wp-block-embed is-type-video is-provider-youtube wp-block-embed-youtube wp-embed-aspect-16-9 wp-has-aspect-ratio\"><div class=\"wp-block-embed__wrapper\">\n<div class=\"nv-iframe-embed\"><iframe loading=\"lazy\" title=\"Kjell Gunnar Over\u00f8ye   Dryss 2\" width=\"1200\" height=\"675\" src=\"https:\/\/www.youtube.com\/embed\/-L2E-mFpw8w?feature=oembed\" frameborder=\"0\" allow=\"accelerometer; autoplay; clipboard-write; encrypted-media; gyroscope; picture-in-picture; web-share\" allowfullscreen><\/iframe><\/div>\n<\/div><\/figure>\n<\/div>\n\n\n\n<div class=\"wp-block-column is-layout-flow wp-block-column-is-layout-flow\" style=\"flex-basis:33.33%\">\n<p><strong>Dryss 2<\/strong> \u2013&nbsp;2021<\/p>\n\n\n\n<p>69 x 64 x 14 cm<\/p>\n\n\n\n<p>Hamra, oljebrent og anl\u00f8pt st\u00e5l med innlagt s\u00f8lv<\/p>\n\n\n\n<p class=\"has-text-color has-small-font-size\" style=\"color:#868686\"><em>KUNSTDOK\/Tor Simen Ulstein for Telemark kunstsenter<\/em><\/p>\n\n\n\n<p style=\"text-align:left;font-size:20px;\">\n<a href=\"?page_id=2701&amp;lang=nn\" class=\"next\"><span>\u2190<\/span><\/a>\n&nbsp;&nbsp;&nbsp;&nbsp;&nbsp;&nbsp;\n\n<\/div>\n<\/div>\n\n\n\n<div style=\"height:40px\" aria-hidden=\"true\" class=\"wp-block-spacer\"><\/div>\n<\/span>","protected":false},"excerpt":{"rendered":"<p>Dryss 2 \u2013&nbsp;2021 69 x 64 x 14 cm Hamra, oljebrent og anl\u00f8pt st\u00e5l med innlagt s\u00f8lv KUNSTDOK\/Tor Simen Ulstein for Telemark kunstsenter \u2190 &nbsp;&nbsp;&nbsp;&nbsp;&nbsp;&nbsp;<\/p>\n","protected":false},"author":1,"featured_media":0,"parent":2582,"menu_order":0,"comment_status":"closed","ping_status":"closed","template":"","meta":{"neve_meta_sidebar":"","neve_meta_container":"","neve_meta_enable_content_width":"","neve_meta_content_width":0,"neve_meta_title_alignment":"","neve_meta_author_avatar":"","neve_post_elements_order":"","neve_meta_disable_header":"","neve_meta_disable_footer":"","neve_meta_disable_title":"","footnotes":""},"class_list":["post-2713","page","type-page","status-publish","hentry"],"_links":{"self":[{"href":"https:\/\/www.kjellgunnaroveroye.no\/index.php?rest_route=\/wp\/v2\/pages\/2713","targetHints":{"allow":["GET"]}}],"collection":[{"href":"https:\/\/www.kjellgunnaroveroye.no\/index.php?rest_route=\/wp\/v2\/pages"}],"about":[{"href":"https:\/\/www.kjellgunnaroveroye.no\/index.php?rest_route=\/wp\/v2\/types\/page"}],"author":[{"embeddable":true,"href":"https:\/\/www.kjellgunnaroveroye.no\/index.php?rest_route=\/wp\/v2\/users\/1"}],"replies":[{"embeddable":true,"href":"https:\/\/www.kjellgunnaroveroye.no\/index.php?rest_route=%2Fwp%2Fv2%2Fcomments&post=2713"}],"version-history":[{"count":28,"href":"https:\/\/www.kjellgunnaroveroye.no\/index.php?rest_route=\/wp\/v2\/pages\/2713\/revisions"}],"predecessor-version":[{"id":3842,"href":"https:\/\/www.kjellgunnaroveroye.no\/index.php?rest_route=\/wp\/v2\/pages\/2713\/revisions\/3842"}],"up":[{"embeddable":true,"href":"https:\/\/www.kjellgunnaroveroye.no\/index.php?rest_route=\/wp\/v2\/pages\/2582"}],"wp:attachment":[{"href":"https:\/\/www.kjellgunnaroveroye.no\/index.php?rest_route=%2Fwp%2Fv2%2Fmedia&parent=2713"}],"curies":[{"name":"wp","href":"https:\/\/api.w.org\/{rel}","templated":true}]}}