{"id":862,"date":"2016-07-06T01:34:51","date_gmt":"2016-07-05T23:34:51","guid":{"rendered":"http:\/\/www.kjellgunnaroveroye.no\/?page_id=862"},"modified":"2024-10-05T23:18:10","modified_gmt":"2024-10-05T21:18:10","slug":"orskog-church-processional-cross","status":"publish","type":"page","link":"https:\/\/www.kjellgunnaroveroye.no\/?page_id=862&lang=en","title":{"rendered":"\u00d8rskog Church &#8211; Processional cross"},"content":{"rendered":"<span class=\"image-fixer-wrapper\">\n<div style=\"height:40px\" aria-hidden=\"true\" class=\"wp-block-spacer\"><\/div>\n\n\n\n<div class=\"wp-block-columns is-layout-flex wp-container-core-columns-is-layout-9d6595d7 wp-block-columns-is-layout-flex\">\n<div class=\"wp-block-column is-layout-flow wp-block-column-is-layout-flow\" style=\"flex-basis:66.66%\"><div class=\"wp-block-image\">\n<figure class=\"aligncenter size-large is-resized\"><img loading=\"lazy\" decoding=\"async\" width=\"656\" height=\"1024\" src=\"http:\/\/www.kjellgunnaroveroye.no\/wp-content\/uploads\/2016\/06\/1.Prosesjonskross-2015-435-x-25-x-8-cm-anl\u00f8pt-st\u00e5l-med-innlagt-s\u00f8lv-og-massingtr\u00e5d-730-656x1024.jpg\" alt=\"1.Prosesjonskross, 2015, 43,5 x 25 x 8 cm, anl\u00f8pt st\u00e5l med innlagt s\u00f8lv- og massingtr\u00e5d 730\" class=\"wp-image-850\" style=\"width:600px\" srcset=\"https:\/\/www.kjellgunnaroveroye.no\/wp-content\/uploads\/2016\/06\/1.Prosesjonskross-2015-435-x-25-x-8-cm-anl\u00f8pt-st\u00e5l-med-innlagt-s\u00f8lv-og-massingtr\u00e5d-730-656x1024.jpg 656w, https:\/\/www.kjellgunnaroveroye.no\/wp-content\/uploads\/2016\/06\/1.Prosesjonskross-2015-435-x-25-x-8-cm-anl\u00f8pt-st\u00e5l-med-innlagt-s\u00f8lv-og-massingtr\u00e5d-730-192x300.jpg 192w, https:\/\/www.kjellgunnaroveroye.no\/wp-content\/uploads\/2016\/06\/1.Prosesjonskross-2015-435-x-25-x-8-cm-anl\u00f8pt-st\u00e5l-med-innlagt-s\u00f8lv-og-massingtr\u00e5d-730.jpg 730w\" sizes=\"auto, (max-width: 656px) 100vw, 656px\" \/><\/figure><\/div>\n\n\n<div style=\"height:90px\" aria-hidden=\"true\" class=\"wp-block-spacer\"><\/div>\n\n\n<div class=\"wp-block-image\">\n<figure class=\"aligncenter size-full is-resized\"><img loading=\"lazy\" decoding=\"async\" width=\"730\" height=\"730\" src=\"http:\/\/www.kjellgunnaroveroye.no\/wp-content\/uploads\/2016\/06\/2-730.jpg\" alt=\"2.Prosesjonskross, 2015, 43,5 x 25 x 8 cm, anl\u00f8pt st\u00e5l med innlagt s\u00f8lv- og massingtr\u00e5d 730\" class=\"wp-image-851\" style=\"width:600px\" srcset=\"https:\/\/www.kjellgunnaroveroye.no\/wp-content\/uploads\/2016\/06\/2-730.jpg 730w, https:\/\/www.kjellgunnaroveroye.no\/wp-content\/uploads\/2016\/06\/2-730-150x150.jpg 150w, https:\/\/www.kjellgunnaroveroye.no\/wp-content\/uploads\/2016\/06\/2-730-300x300.jpg 300w\" sizes=\"auto, (max-width: 730px) 100vw, 730px\" \/><\/figure><\/div><\/div>\n\n\n\n<div class=\"wp-block-column is-layout-flow wp-block-column-is-layout-flow\" style=\"flex-basis:33.33%\">\n<p><strong>Processional cross<\/strong> &#8211; 2015<\/p>\n\n\n\n<p>43,5 x 25 x 8 cm<\/p>\n\n\n\n<p>Brass and heat coloured steel with silver and brass Damascene inlay<\/p>\n\n\n\n<p>Staff and base of painted oak<\/p>\n\n\n\n<p>Total height 216,5 cm<\/p>\n\n\n\n<p style=\"text-align:left;font-size:20px;\">\n<a href=\"?page_id=2041&amp;lang=nn\" class=\"next\"><span>\u2190<\/span><\/a>\n&nbsp;&nbsp;&nbsp;&nbsp;&nbsp;&nbsp;\n<a href=\"?page_id=856&amp;lang=nn\" class=\"next\"><span>\u2192<\/span><\/a><\/p>\n<\/div>\n<\/div>\n\n\n\n<div style=\"height:40px\" aria-hidden=\"true\" class=\"wp-block-spacer\"><\/div>\n<\/span>","protected":false},"excerpt":{"rendered":"<p>Processional cross &#8211; 2015 43,5 x 25 x 8 cm Brass and heat coloured steel with silver and brass Damascene inlay Staff and base of painted oak Total height 216,5 cm \u2190 &nbsp;&nbsp;&nbsp;&nbsp;&nbsp;&nbsp; \u2192<\/p>\n","protected":false},"author":1,"featured_media":0,"parent":847,"menu_order":0,"comment_status":"closed","ping_status":"closed","template":"","meta":{"neve_meta_sidebar":"","neve_meta_container":"","neve_meta_enable_content_width":"","neve_meta_content_width":0,"neve_meta_title_alignment":"","neve_meta_author_avatar":"","neve_post_elements_order":"","neve_meta_disable_header":"","neve_meta_disable_footer":"","neve_meta_disable_title":"","footnotes":""},"class_list":["post-862","page","type-page","status-publish","hentry"],"_links":{"self":[{"href":"https:\/\/www.kjellgunnaroveroye.no\/index.php?rest_route=\/wp\/v2\/pages\/862","targetHints":{"allow":["GET"]}}],"collection":[{"href":"https:\/\/www.kjellgunnaroveroye.no\/index.php?rest_route=\/wp\/v2\/pages"}],"about":[{"href":"https:\/\/www.kjellgunnaroveroye.no\/index.php?rest_route=\/wp\/v2\/types\/page"}],"author":[{"embeddable":true,"href":"https:\/\/www.kjellgunnaroveroye.no\/index.php?rest_route=\/wp\/v2\/users\/1"}],"replies":[{"embeddable":true,"href":"https:\/\/www.kjellgunnaroveroye.no\/index.php?rest_route=%2Fwp%2Fv2%2Fcomments&post=862"}],"version-history":[{"count":9,"href":"https:\/\/www.kjellgunnaroveroye.no\/index.php?rest_route=\/wp\/v2\/pages\/862\/revisions"}],"predecessor-version":[{"id":4300,"href":"https:\/\/www.kjellgunnaroveroye.no\/index.php?rest_route=\/wp\/v2\/pages\/862\/revisions\/4300"}],"up":[{"embeddable":true,"href":"https:\/\/www.kjellgunnaroveroye.no\/index.php?rest_route=\/wp\/v2\/pages\/847"}],"wp:attachment":[{"href":"https:\/\/www.kjellgunnaroveroye.no\/index.php?rest_route=%2Fwp%2Fv2%2Fmedia&parent=862"}],"curies":[{"name":"wp","href":"https:\/\/api.w.org\/{rel}","templated":true}]}}